d + 104, -4*d - 103 = -3*y. What is the tens digit of y?
3
Let h(s) = -5*s**3 + 2*s. Let a be h(-2). Suppose 3*r + a = 156. Let n = -20 + r. What is the tens digit of n?
2
Suppose 0 = -9*x + 14*x - 20. Suppose 0*h + x*h = 68. What is the units digit of h?
7
Let d(z) = z**2 - 12*z + 61. What is the units digit of d(45)?
6
Let a(h) = -70*h - 2. What is the units digit of a(-6)?
8
Let b(t) = -t + 65. Let s = -57 - -77. What is the tens digit of b(s)?
4
Let o(p) = 322*p + 19. What is the tens digit of o(2)?
6
Let v = -120 + 203. Let a = v + 7. What is the units digit of a?
0
Let q(z) = z**2 + 2*z - 5. Let b be q(-3). What is the units digit of -2 - (-2 - b) - -112?
0
Let n = 7400 + -4317. What is the thousands digit of n?
3
Suppose -d + 7084 = 21*d. What is the units digit of d?
2
Let p be (-36)/((4/(-4))/(-1)). What is the tens digit of -7*p/(-3 + 7)?
6
Let m = 892 + -408. What is the tens digit of m?
8
Suppose 6*f - 3*f = 0. Suppose 0 = k - f*k - 75. What is the units digit of (4/2)/(6/k)?
5
Suppose 0 = s + s - 3*r - 971, 4*s - 1897 = -3*r. What is the tens digit of s?
7
Let b be (-4)/14 - 66/14. Let c = b + 7. Let u(v) = 6*v**2 - v - 1. What is the tens digit of u(c)?
2
Let n = 933 + 296. What is the hundreds digit of n?
2
Suppose -5*o + 30 = 2*p, -15 = -p - 4*o - 0. Suppose -p + 97 = a. What is the tens digit of a?
8
Suppose 5*j = 5*u - 20 + 110, 5*j = 2*u + 81. Suppose 2*q = -2*q + 4. Let d = j - q. What is the units digit of d?
4
Let f(s) = 2*s**2 + 46*s + 101. What is the hundreds digit of f(-35)?
9
Let n(z) = 12*z**3 - 4*z**2 + 8*z - 15. What is the units digit of n(4)?
1
Let m be 1/(-3)*(-5 + 2). Let i(q) = 7 + 0*q**2 - m - q**2 - 8*q. What is the tens digit of i(-7)?
1
Let y(z) be the first derivative of -9/2*z**2 + 4*z + 11 + 2/3*z**3. What is the units digit of y(8)?
0
Suppose 0 = 19*k - 23*k + 8. What is the tens digit of k + 40/1 - -5?
4
What is the tens digit of -43 + 40 + 1 + 619?
1
Let r(b) = -3*b**2 - b**2 + 3*b**2 - 15*b + 6 + 0*b**2. What is the tens digit of r(-13)?
3
Suppose -2*k - 2*v + 14 = 0, 4*k + 9 = k + 3*v. Suppose g + 3*m - 118 = 0, -580 = -5*g - k*m - 3*m. What is the units digit of g?
5
Suppose -7*r + 2*r + 82 = 3*m, -2*r - 8 = 0. Let v = 249 - m. What is the tens digit of v?
1
What is the tens digit of (-9)/(18/(-10))*2974/10?
8
Suppose 5*v - 180 = -0*v. Let j be (-68)/(-11) - v/198. Suppose 4*b + 3*u + 85 = j*b, u = 4*b - 155. What is the tens digit of b?
3
Let f = 8 - 16. Let w(g) = -19*g**2 + 20*g - 6. Let h(l) = 6*l**2 - 7*l + 2. Let t(d) = f*h(d) - 3*w(d). What is the tens digit of t(2)?
3
What is the tens digit of 118/((-10)/(-24) + 5/20)?
7
Suppose d = -m + 1 + 8, -4*m = -3*d - 8. Let s(n) = 7*n - m*n - 8*n - 7*n. What is the tens digit of s(-1)?
1
Let n = -36 + 51. What is the units digit of n?
5
Suppose -5*w + 8 = -12. Suppose w*s + 310 = 9*s. What is the units digit of s?
2
Suppose 36 = -0*r - 4*r. Let i(l) = l - 1. Let g(f) = -1. Let p(x) = g(x) - 3*i(x). What is the units digit of p(r)?
9
Let y(h) = h**2 + 2*h + 19. Let l be y(0). Suppose 4*t = l + 1. What is the units digit of t?
5
Suppose 56 = 4*u + 5*n, 3*u - 10 = -2*n + 25. Suppose -1 = 4*m - u. Suppose 2*d = 2*r - 2*d - 10, -d - 10 = -m*r. What is the units digit of r?
5
Let o = -42 - -44. What is the units digit of (-1 - o) + 77 + 0?
4
Let p = 34 + -34. Suppose 5*l + p*l = 560. What is the units digit of l?
2
Let v(l) = 14*l**2 + 0*l + 4 - 7 - l. What is the hundreds digit of v(3)?
1
Let x be 5*9/((-135)/(-12)). Suppose l + 555 = x*l - 3*b, -l + 197 = -4*b. What is the units digit of l?
1
Suppose 9*c = 7*c + 6. Suppose -n + 2*n - c = 0. Suppose -n*o + 5 + 31 = 0. What is the tens digit of o?
1
Suppose 0 = -g + 5*z + 510, -5*z - 516 = -g - 3*z. What is the units digit of g?
0
What is the hundreds digit of (-2 - -1)/(38/(-17176))?
4
What is the units digit of (1024/(-6))/((-230)/345)?
6
Suppose -14161 = 166*i - 173*i. What is the units digit of i?
3
Let i = 0 - 9. Let j = i - -38. What is the units digit of j?
9
Suppose -11*h + 73 = -5471. What is the tens digit of h?
0
Let h be (-3)/12 + (-18)/24. Let a(n) = 36*n + 1. Let d be a(h). Let s = d - -46. What is the units digit of s?
1
Let l be 16/2 + (-2)/1. Suppose 99 = i + 4*i + 3*f, -i + 24 = 2*f. Let v = l + i. What is the units digit of v?
4
What is the units digit of -134*(-5)/20*14?
9
Suppose -5*d = t - 75, d + 3*d - 41 = 3*t. Let c = d - 9. Suppose 0 = -n - 4*a - 1 + 50, -c*a + 25 = 0. What is the tens digit of n?
2
Let h = 704 + 627. What is the units digit of h?
1
Suppose -4*d + 1 = -7. Suppose -d = 4*y - 5*y. Suppose 0 = -k - 1, 2*f - 74 = -f + y*k. What is the tens digit of f?
2
Let r(f) = 9*f + 72. What is the hundreds digit of r(23)?
2
Let z = 16 - 12. Let h be 10 + (-2 + z - 0). What is the tens digit of (-60)/9*h/(-8)?
1
Let d = -34 - -27. Let y be (4/d)/((-3)/21). Suppose 0 = 5*i + f - 8, -y*f = 3*i + 1 + 1. What is the units digit of i?
2
Let c be (0 - 3)*2/(-3). Suppose -2*q + 6*q = 32. Let t = q + c. What is the tens digit of t?
1
Let z(y) = 9*y + 9. Suppose 3*p + p = 0. Suppose p = -2*b + 12 - 2. What is the units digit of z(b)?
4
Suppose -2*k - 24 = -4*d, -2*d + 0*k = k - 8. Suppose 10 = d*i - 5. What is the units digit of i?
3
Suppose 2*x = -5*x - 882. What is the tens digit of (-11865)/x - (-2)/(-12)?
9
Let u(n) = 9*n**2 + 2*n + 1. Let d be u(-1). Suppose 5*q = 4*q - d. What is the units digit of (-108)/(-5) - q/20?
2
Let t = -89 - -129. Let b = t + 100. What is the units digit of b?
0
Let v(a) = 47*a - 67. What is the hundreds digit of v(6)?
2
Let u(d) = d**3 + 6*d**2 - 7*d - 2. Let c be u(-6). Let q = -58 + c. What is the units digit of ((-9)/q)/((-2)/(-24))?
6
Let j(c) = -47*c - 619. What is the units digit of j(-43)?
2
Let t = 79 + -48. Suppose 2*p = 15 + t. What is the tens digit of p?
2
Suppose 9*k - 4*k = -4*h - 30, -k = 4*h + 6. Let s(g) = g**3 + 8*g**2 + 10*g + 14. What is the units digit of s(k)?
6
Suppose 25 = -3*b - 11. Let r be 4/b + (-76)/6. Let d = r - -15. What is the units digit of d?
2
Suppose 0 = -491*r + 499*r - 6520. What is the hundreds digit of r?
8
Suppose 6*o + 16 = 70. Let v be ((-12)/9)/((-4)/(-18)). What is the units digit of o/v*52/(-6)?
3
Let c(f) = 2*f - 27. Suppose 2 = h + 1, 3*k - 37 = 5*h. Let o be c(k). What is the units digit of o - (8/4 - 3)?
2
Let j(i) = i - 4. Let o be j(5). What is the units digit of (o - 0) + 6 + 1?
8
Let b be ((-140)/3)/((-18)/81). Suppose 103 = g + 2*o, -g - b = -3*g - 2*o. What is the tens digit of g?
0
Let z be 0/(3/3 + -2 + -2). Let p be (0 + 0 - 123)/(-1). Suppose 2*o + o - p = z. What is the units digit of o?
1
Suppose -5 = 5*m + 25. Let r = 15 + m. Suppose 5*x - r = 41. What is the units digit of x?
0
Let r(p) be the third derivative of 3*p**4/8 + p**3/2 + 15*p**2. What is the units digit of r(6)?
7
Let m be -5*(40/(-25) + 0). Suppose -12*n = -m*n - 188. What is the tens digit of n?
4
Let v(z) = 212*z - 9. Let o be v(3). Suppose 7*g + o = 1838. What is the tens digit of g?
7
Suppose 5*h + 16 = -3*x, -5*h = 2*x - 5 + 24. Suppose c - 544 = -3*w, x*w - w - 361 = c. What is the hundreds digit of w?
1
Let d = -4056 - -9080. What is the thousands digit of d?
5
Let d(u) = 36*u + 17. What is the units digit of d(4)?
1
Suppose 4*a = -61*j + 65*j + 13920, 2*j = -a + 3483. What is the hundreds digit of a?
4
Suppose -3*q + 5*y + 2930 = 2*q, -q + 581 = -2*y. What is the units digit of q?
1
Let q(i) = -i**3 - 10*i**2 - i - 12. Let v be q(-10). What is the units digit of 38/57*(-87)/v?
9
Suppose -3*d - 3*c + 87 = 0, d + 84 = 4*d + 2*c. Suppose 44 = r - d. Suppose -w = -2*w + r. What is the units digit of w?
0
Suppose -3*g = 4*j - 326, 3*g + 2*g - 156 = -2*j. What is the units digit of -1 - (j/(-2) + (-7)/14)?
1
Let a be ((-1)/(-2))/(7/(-14) - 0). What is the tens digit of (a - (-24)/21) + (-7640)/(-28)?
7
Let k(p) = 10*p - 20. Let t(m) = -2*m + 4. Let w(v) = -3*k(v) - 14*t(v). What is the units digit of w(-9)?
2
Let p(w) = w**2 - 6*w + 8. Let b be ((-8)/5)/(26/(-65)). Let q be p(b). Suppose -s - s + 38 = q. What is the units digit of s?
9
Let f(c) = -41*c + 90. What is the hundreds digit of f(-5)?
2
Let f be 6 + -2 + -1 + 9. Suppose 14*x - f*x - 160 = 0. What is the units digit of x?
0
Suppose -3*q = -5*p - 973, q + 2*p - 4